 29 + 2 + 24 + -43?
12
What is the value of -28 + (23 - (20 - -12))?
-37
-1 + 1 + 0 - (5 + (-4 - -2))
-3
What is the value of -3 - (-9 - (-28 - (-25 + 11)))?
-8
Evaluate -11 + -2 + 0 + (-18 - -9) + 10.
-12
Evaluate 2 + -1 + 0 + -33 + 5 + 24.
-3
Evaluate -9 - (29 + -12) - -10.
-16
9 - 0 - -12 - 4
17
Calculate (-19 - -21) + (-4 - 0).
-2
(-3 - -12 - 14) + 15
10
What is (1 - 1 - -10) + -87 + 65?
-12
Calculate (-24 + -18 - -25) + -1.
-18
What is -8 - ((-25 - -1) + 20 + (-37 - -17))?
16
Calculate (21 - -5) + -1 - (17 - (13 - 0)).
21
Evaluate 43 + (-44 - -48) + -11.
36
What is the value of (154 - 158) + (7 - 0)?
3
(-3 - -7) + -2 + 3
5
Calculate 13 - 18 - (-3 - (6 + (-6 - -4))).
2
Calculate (-230 - -225) + (-20 - 4).
-29
What is the value of 8 - (1 + -1) - (60 + -64)?
12
Calculate -3 - -24 - ((1 - -31) + -10).
-1
What is the value of (-12 - 13 - -55) + -48?
-18
What is the value of -25 + 0 + (31 - -9)?
15
-3 + -3 + (-4 - -3) + 9 + 0
2
Evaluate 1 + -6 - (24 - (7 + 6)).
-16
What is the value of -5 + (3 + 7 + -9 - 13)?
-17
What is the value of -4 - 2 - (-7 + 8 + -10) - 21?
-18
What is the value of -34 + 14 + 10 + 21?
11
What is 9 + (12 - 12) - 0?
9
-20 + (-13 - -43 - (13 + 2))
-5
What is 1 + -2 + (-26 - -18) + 0?
-9
Evaluate 13 - (22 - (2 + (11 - 16))).
-12
What is the value of 17 - 5 - (-23 - (-19 - 8))?
8
-107 + 98 - (-1 + -25)
17
Evaluate 45 + -64 + 4 + (46 - 0).
31
What is the value of -10 - -13 - (12 - (-4 - -2 - 0))?
-11
-21 - (-12 + (-1 - -7) - 4)
-11
13 - (-205 - -200 - (1 - 41))
-22
Evaluate 0 - (18 - 13 - -10).
-15
Evaluate -13 + (-22 - (-7 - 9)).
-19
-1 - ((8 - 14) + 6 + 5)
-6
Calculate -15 - (10 + (-9 - 4)) - -25.
13
-10 + 9 + 22 + -41
-20
Evaluate -1 + -7 + 33 + -16.
9
3 + 5 + (8 - (5 - 11))
22
Evaluate -19 + (7 - -22) + 1 + 1.
12
(0 - 2) + -1 + -3 + 17
11
Calculate 3 + -14 + 2 + -73 + 81.
-1
What is -31 + (2 - (-11 + 9)) - -6?
-21
Evaluate -28 - (12 - (-7 - -41)).
-6
Calculate 3 + -16 + 18 + 9.
14
What is 2 + 0 + 2 - (-1457 - -1473)?
-12
55 - (20 + 12) - (12 - 1)
12
What is -3 + 10 - ((13 - 10) + 16)?
-12
What is -2 + -4 + (-5 - (5 + 2) - -5)?
-13
Calculate 1 - 35 - (-13 - (-27 + 17)).
-31
Evaluate (20 + -17 - -18) + -8.
13
Evaluate -15 - ((-13 - -26) + -15).
-13
What is (-38 - 8) + 13 + (14 - 0)?
-19
Evaluate 3 - (1 + 9 + -7 + 0) - -7.
7
What is 31 + -24 + (-16 + 0 - (-7 + 10))?
-12
Calculate -4 - (31 + -12 + -12 + -1).
-10
(40 - 96) + -22 + 50
-28
What is the value of (4 - (-9 - (6 + -17))) + -12?
-10
Evaluate (1 + -5 - (-2 - -6 - 6)) + -6.
-8
What is the value of -161 - -151 - (1 + -2)?
-9
10 + -6 - 5 - (1 + 2 + -1)
-3
-410 - -424 - (1 - (-10 - 1) - 4)
6
What is the value of -10 - (-13 + 28 - 8)?
-17
Calculate (-22 - -17) + (-6 - -23) + 19.
31
-17 - (-9 - (-3 + (8 - 10)))
-13
Evaluate (-28 - 1) + -7 + 13.
-23
Evaluate (3 - (3 - 7)) + 5 - (4 + -2).
10
What is (-14 - -1) + 19 - 3?
3
Evaluate -25 - 1 - (-1 - (2 + -10)).
-33
Calculate (0 - 13 - -4) + (2 - 0).
-7
(-14 - (1 + 6 + -10) - -7) + 2
-2
Evaluate -6 - -2 - (1 - (-2 - -4) - 5).
2
What is (-24 - -33) + -2 + -23 - -8 - -2?
-6
What is the value of 3 + (10 + -8 - 8 - -8)?
5
Calculate -2 + 4 - (133 + -133).
2
Calculate 4 - 16 - -21 - (6 + -1).
4
What is the value of (-2 - (18 + (0 - 0))) + (-1578 - -1574)?
-24
0 + 1 - ((-1 - 1) + (-3 - 3))
9
-564 - -541 - (-1 - 37)
15
What is 4 - (-5 - (-14 - 2))?
-7
82 + -75 + (35 - 6)
36
Evaluate 11 - -4 - (6 - 11 - -15).
5
Calculate 2 - 33 - (-36 + 24).
-19
What is the value of (6 - 2) + (0 - (-4 - (0 + 0)))?
8
What is the value of 19 + 6 + -5 + 2 - 4 - 0?
18
What is the value of -7 + -6 + (8 - 6) + 13?
2
-1 - (-11 - (18 + -25)) - (9 + 0)
-6
What is the value of 9 + (6 + (5 - 5) - 6)?
9
What is 2 + -4 + -6 + 26 + -19 - 20?
-21
Evaluate (3 - -1 - 11) + 8 + -6 + -3.
-8
What is 16 - (16 - (-24 + 17))?
-7
(41 + -48 - (-5 - -3)) + -7 + 0
-12
Evaluate 20 + (-28 + 16 - 2) - -7.
13
Calculate 21 + -3 + -9 + 4.
13
What is -2 + (-8 + 17 - (-10 + 8 - -6))?
3
Calculate 1 - -16 - ((83 - 102) + 3 + 13).
20
Evaluate 0 + 0 + -5 + (10 - 5).
0
3 - -27 - 10 - (1 - -4 - 0)
15
What is 7 - ((-36 - -9) + 6 - -6)?
22
Evaluate (-6 - (-2 - -2 - 0)) + (-3779 - -3749).
-36
(-9 - 4) + 11 + -27 + 13
-16
What is the value of (3 + 8 - -3 - (43 - 34)) + 0?
5
7 - 9 - (-27 + 13)
12
Calculate 14 - 10 - 6 - -13.
11
Evaluate 2 - (2 + -2 + 13 + (7 - 12)).
-6
-62 + 3 + 22 - -15
-22
What is 0 + -29 - (-23 + 11) - -8?
-9
Evaluate -2 - (7 - (-3 + (6 - -1) + 3)).
-2
Evaluate 2 - (1 + 5 + -2 - (-204 + 203)).
-3
Calculate (-19 - 3) + (294 - 303).
-31
Evaluate (2 + 3 - -2) + 23 + -45.
-15
What is the value of (-1 - 1) + 0 + (79 - (12 - -61))?
4
129 - 117 - (-6 - -3)
15
Calculate 3 + 1 - (0 + (-14 - -5)).
13
Evaluate (-15 + 13 - -7) + 4.
9
Evaluate 2 + 9 - (-75 + 79).
7
14 + -8 + -6 - (-2 - 7)
9
What is -6 + (3 - -17) - 16?
-2
What is the value of -21 + -1 - (79 - 97 - (-12 - -2))?
-14
Calculate -3 + (0 - (-4 + 3)) + 44 + -60.
-18
Evaluate -14 - (-5 + 2 + -16).
5
-10 - (-6 + 7 - 4)
-7
What is the value of -5 - (-3 + (10 - -3)) - -6 - -3?
-6
Calculate -60 + 88 + (2 + -2 - 8).
20
-5 + (-5 + -6 + 8 - -4) + -5
-9
Calculate 4 + -20 + 23 - -1.
8
What is 19 + (-6 - (-8 + 8 + 0)) + -2?
11
(-6 - -4) + (-29 - -16)
-15
4 + -1 + 5 + -4 + 8
12
Calculate 8 - (-7 + (-26 - -64)).
-23
(-39 - -54) + (-18 - 3)
-6
What is the value of (3 + -9 - -5) + 1 + 9?
9
Evaluate 17 + 5 + (-8 - -1) + -5.
10
Evaluate 2 - (-1 - 3 - -4) - (3 - 7).
6
3 + -3 + -14 + 20
6
Calculate -12 - ((-11 - -5) + 13 + -5).
-14
(3 - -9 - 22) + (1 - -18)
9
Evaluate -7 - -3 - -9 - 16.
-11
Evaluate -3 + 4 + (3 - 5) - (-2 - 0).
1
Evaluate -14 + (-10 - -9) + 3.
-12
What is the value of -26 + 6 + 75 + -45?
10
What is the value of 0 + (89 - 92 - (-2 - (1 + -2)))?
-2
Evaluate -15 + 1 + 18 + 5.
9
What is -1 - (3 - -1 - (6 - (-1 - 4)))?
6
Calculate -42 - (-49 - -16) - (-2 + (6 - 2)).
-11
Evaluate -1 + 7 + (-33 - (-31 + 18)).
-14
Calculate (7 + -8 - -1 - -7) + (-4 - 3).
0
Evaluate (-8 - -7 - -16) + 2 + -14.
3
What is 15 + (-11 + (-2 - 5) - -1)?
-2
Calculate -5 + (23 - (-12 - -30)).
0
What is the value of 17 + 0 + -8 + (-150 - -165)?
24
25 - (19 - -14) - -20
12
(-32 - -34) + -26 - -14
-10
Calculate -20 - (-8 + (11 - -4) - 25).
-2
35 - (4 - (30 + -57))
4
What is 48 + (-85 - -44) + (0 - -29 - 0)?
36
5 + (3 + -7 - 1) - (21 + -10)
-11
What is the value of 9 + (1 - 3) - (276 - 284)?
15
Calculate 3 + -20 - (11 - 5).
-23
What is -14 + 2 + 8 + 21?
17
Calculate (103 - 32) + -34 - -2.
39
What is the value of 7 + (-30 - -31) + -18 + -1?
-11
Evaluate 63 + -47 + 18 + -14.
20
What is the value of -2 - (-11 + 26 - 33)?
16
What is 3 + 13 - 7 - 0?
9
14 - (26 + -21 + 4)
5
-2 + 0 - (0 - (32 - (3 - -11)))
16
What is 37 + -47 - (-3 + -2 + 2)?
-7
Calculate 13 - (23 + -3 + -23 + 33).
-17
Calculate -6 - -8 - 14 - (-1 - (2 - 6)).
-15
Calculate -4 + 5 - (-6 + 5 - 9) - 0.
11
-8 - (-12 + 7) - -6
3
What is -17 + 5 - -7 - (4 + -20)?
11
What is the value of 837 - 821 - (-2 - (0 + -8))?
10
Evaluate (9 + 6 - 16) + 5.
4
Evaluate (12 - -4) + 9 + -20 - 15.
-10
-5 + -26 - (1 - 22)
-10
2 - -1 - (-2 + -7 + 11 + -9)
10
-1 + (-18 - 0 - (-8 - (1 - 4)))
-14
What is the value of (-11 + 18 - -13 - 11) + 15?
24
Evaluate (1 - -8) + -10 - -10 - 24.
-15
Calculate 26 - 26 - (10 - 2) - 0.
-8
Evaluate -1 + (4 - 2) - (-48 - -54) - 9.
-14
Evaluate 6 + -15 + 37 + -25.
3
What is (148 - 173) + (6 - (-2 - 0)) + 1?
-16
Evaluate -4 - -7 - 7 - (6 - -6).
-16
Calculate -139 + 155 + 2 + -1 + -51.
-34
-11 - ((-25 - (-26 - -3)) + (-42 - -1))
32
What is the value of 81 + -73 + (3 - (10 - -3))?
-2
What is the value of -6 + 15 + 2 - 8 - 9?
-6
8 - (9 - 9 - (1 + 0))
9
Calculate -14 - 12 - (-1 + -8).
-17
Calculate 7 - (4 + -5 + 1 + 10) - 3.
-6
10 + (-18 - (-28 + -13)) + -2 + 2
33
32 + 25 + -38 + (-1 - -2 - 2)
18
What is the value of (33 - 34) + -7 + 1 + (1 - 7)?
-13
8 + (13 - 13) - 20
-12
Calculate (-3 - -8) + (-9 - (-8 + 9)) + -2.
-7
Calculate -12 + (1 - -9) + -11 - -4.
-9
Evaluate 324 + -343 + (19 - 1).
-1
10 - (-2 + 1 + (52 - 42))
1
Calculate 43 - 48 - (-14 + 26).
-17
(-61 - (-52 - 13)) + (-1 - -8)
11
Evaluate -1 - (-17 - -2 - -23).
-9
0 + 8 + 1 + -11 + 6
4
Calculate 4 + 3 - (11 - ((40 - 8) + -13)).
15
What is 15 - (6 + -9 + 8 + 1 + 0)?
9
Calculate 84 + (-21 - 11) + -34.
18
-8 + (29 - 18) + 0 + 3
6
Calculate -67 - -26 - -31 -